 x be ((-1815)/(-22))/15*2*115. Calculate the highest common divisor of x and 92.
23
Suppose 1470 = -1567*t + 1582*t. Let n(a) = 2*a**3 - a. Let u be n(2). What is the greatest common factor of t and u?
14
Suppose -31 = -2*h + 3*o, -3*h + 2*h + o = -14. Calculate the greatest common divisor of h and 22.
11
Suppose -15*d + 144 = -12*d. Let k(w) = 2*w - 2. Let l be k(-8). Let y be (-4)/l - (-286)/9. Calculate the highest common factor of d and y.
16
Suppose -14*w - 2372 + 11024 = 0. What is the greatest common divisor of 6 and w?
6
Let r be 12/144*-3 + 2597/4. Calculate the highest common factor of r and 118.
59
Suppose -128 = -28*h + 20*h. What is the highest common divisor of h and 24?
8
Let t(j) = 99*j**2 + j. Let d be t(1). Let x(h) = -11*h - 206. Let y be x(-21). Calculate the greatest common divisor of y and d.
25
Suppose -6*i = -9*i + 4*t + 76, -4*i = -3*t - 113. Suppose 2*m + 0*m = -96. Let k be (-1)/((-2)/(-2))*m. Calculate the greatest common factor of k and i.
16
Let d = 15 - 8. Suppose d = m + 4*v + 1, -2*m = -4*v + 36. Let g be ((-28)/35)/(2/m). Calculate the greatest common factor of g and 4.
4
Let g(z) = 9*z**2 - 6*z + 6. Let v be g(4). Suppose 3*h - 3*x - 72 = 0, -2*h + 0*h + x + 42 = 0. What is the greatest common divisor of v and h?
18
Let x(k) = 5*k**2 + 10*k - 30. Let j be x(-6). Calculate the greatest common divisor of 20 and j.
10
Let o(h) = 14*h + 106. Let k be o(-7). Let j be (1/2)/((-3)/(-18)). Let i = j - 1. Calculate the highest common factor of k and i.
2
Suppose 4*j - 16 = -0. Suppose -6 = -3*r, 2*r - 16 = -3*v - v. Suppose -j*b + v*b = -3*w + 16, -5*w = -5*b - 30. What is the highest common divisor of 15 and w?
5
Let g be (-2 - 96/10)/(3/(-60)). Calculate the highest common divisor of g and 8.
8
Suppose 54 = 3*g - 0*g. Let x = 49 - 34. Let l = 27 - x. Calculate the greatest common factor of g and l.
6
Let j be -9*1*(0 + 2). Let c = j - -35. Calculate the highest common factor of 17 and c.
17
Let o(p) = 476*p - 380. Let s be o(2). Calculate the greatest common divisor of 208 and s.
52
Suppose 3*w - 721 = 10*w. Let n = -91 - w. Suppose -4*b - 3*i + 125 + 409 = 0, -b + 124 = -4*i. Calculate the greatest common factor of n and b.
12
Suppose 0 = -13*f + 22*f - 567. What is the greatest common divisor of 72 and f?
9
Suppose 188*o - 173*o = 4650. What is the greatest common factor of 10 and o?
10
Suppose 5*f - 57 + 22 = -5*s, 2*s + 40 = 4*f. What is the highest common divisor of f and 12?
3
Let k(b) = b**2 + 29*b - 19. Let y be k(-30). What is the highest common factor of 88 and y?
11
Suppose 3*k + q - 166 - 47 = 0, 0 = -2*k + 5*q + 159. Calculate the greatest common factor of 120 and k.
24
Suppose 5*u = u + 20. Let m(v) = -14*v + 290. Let f be m(15). Calculate the greatest common factor of u and f.
5
Let n be 1/(((-2)/(-32))/(-36 + 47)). What is the greatest common divisor of 77 and n?
11
Suppose s - 2*s = -z, -z = -4*s. Suppose k + 2 - 4 = z, 0 = -5*j - k + 542. Let n = 15 + -3. What is the greatest common divisor of j and n?
12
Suppose n = -5*o + 9, 9 = 3*n + 2*o - 5*o. Let l be (2/n)/(4/136). Calculate the greatest common divisor of 187 and l.
17
Let g(h) = h**3 + 11*h**2 - 2*h - 6. Let x be g(-4). What is the highest common factor of 4 and x?
2
Suppose 3*u + 15 = -g + 50, 4*u + 7*g = 75. What is the highest common factor of u and 215?
5
Suppose -4*o - p = -7, -o + 0*p - 2*p = 0. Suppose -o*n = 3*k - 53, 5*n = -2*k + n + 38. What is the greatest common divisor of 51 and k?
17
Suppose -49*x - 55 = -545. Calculate the highest common divisor of x and 65.
5
Suppose -5*v = 4*n + 6, -n - 8 - 4 = -4*v. Let a(r) = 3*r**2 - 2*r. Let u be a(v). Calculate the greatest common divisor of u and 72.
8
Let h(y) = y**2 + 48*y + 497. Let r be h(-14). What is the greatest common divisor of r and 21?
21
Let x = 1489 - 1300. What is the greatest common factor of x and 108?
27
Suppose -3*y + 765 = -12*y. Let r be y/(-4) - ((-119)/28)/(-17). What is the highest common factor of 3 and r?
3
Suppose -5*w = -94 - 26. Suppose 0 = -3*f + 5*f - 3*i - 99, 1 = -i. Calculate the highest common factor of w and f.
24
Suppose -577*n + 553*n + 24000 = 0. Calculate the highest common divisor of n and 120.
40
Let f be ((275/4)/11)/((-2)/40). Let t = f + 134. Calculate the greatest common factor of 54 and t.
9
Let d = -281 - -276. Let o(h) be the second derivative of -7*h**3/2 + 5*h**2/2 + h. Let w be o(d). Calculate the greatest common factor of w and 44.
22
Let m(j) = 22*j**3 + 2*j**2 + 3*j - 4. Let z be m(1). What is the greatest common factor of z and 207?
23
Let t = 925 + 668. What is the highest common factor of 59 and t?
59
Let n(c) = -7*c - 33. Let i be n(-5). What is the greatest common factor of i and 8?
2
Suppose 5*d + 62 = -s + 3*s, 4*s - 12 = 2*d. Let v be 2/d - 338/(-14). What is the greatest common factor of v and 12?
12
Let g(d) = -3 + 12 + 5*d - d**2 + 2 - d. Let u be g(5). Calculate the greatest common divisor of u and 48.
6
Let j(r) = r + 14. Let s be j(0). Let c be s/(-3)*(7 + -4). Let a be (-34)/3*21/c. What is the highest common divisor of 153 and a?
17
Suppose 0 = 3*q + q - 696. Suppose t = -5*t + q. Let x = 45 - t. What is the highest common divisor of x and 144?
16
Let w(b) = 40*b. Let t be w(2). Suppose 0 = 3*q - 2*m - 20 - 11, 4*q = -3*m + 47. Suppose -q*j = -72 - 38. Calculate the greatest common factor of j and t.
10
Suppose 2*b - 327 - 313 = 0. What is the highest common factor of 20 and b?
20
Suppose -g = g + 98. Let k be (-3)/((-6)/g)*-2. What is the greatest common divisor of k and 7?
7
Let v = -18 - -26. Suppose -2*g + v = -g. What is the greatest common divisor of g and 16?
8
Suppose -3*v = -38*y + 39*y - 11, -5*y + 27 = v. What is the greatest common factor of y and 1465?
5
Let c(l) = -l**2 + 11*l - 26. Let q be c(6). Suppose q*n = 6*n + 2*g - 154, 5*n + 4*g - 383 = 0. What is the highest common factor of 30 and n?
15
Let s(q) = -q**3 + q**2 + 10. Let h(u) = -2*u**3 + 2*u**2 - u + 21. Let w(a) = -2*h(a) + 5*s(a). Let j be w(0). Calculate the greatest common factor of j and 4.
4
Suppose 89*f - 88*f = 4*b + 268, 4*f - 4*b - 1132 = 0. What is the highest common factor of f and 90?
18
Let g = -18 - -189. What is the greatest common divisor of 19 and g?
19
Let z(k) = 363*k - 12. Let l be z(2). What is the highest common divisor of l and 6?
6
Suppose 2*d + 0*d = 14. What is the greatest common factor of d and 329?
7
Suppose -3*m + g - 7 = 0, 5*m + 0*g = -2*g - 8. Let p be m*((-6)/(-4) + -2). Suppose -2*d = -5 + p. Calculate the greatest common divisor of 2 and d.
2
Let g(n) = -n**3 + 6*n**2 + 2*n + 9. Let w be g(4). What is the greatest common factor of w and 7?
7
Suppose 0 = -4*q + 2*l - 12, 4*l - 1 = 3*q + 3. Let t be 8/q - (1 + -21). Let m = -77 + 221. Calculate the highest common divisor of t and m.
18
Let p be (-13*2 + 1)/1. Let m be 10/p + (-42)/(-5). Suppose -72 = -2*y - m. Calculate the highest common factor of y and 80.
16
Suppose -2*w + 80 = 3*f - 52, 4*f = -5*w + 183. Suppose 0 = -5*r - 2*k + 38 + 32, 0 = 4*r + k - 56. What is the greatest common divisor of r and f?
14
Let z = -597 + 648. Calculate the highest common factor of z and 663.
51
Suppose -4*v = 4*x, 22*v + 5*x + 48 = 25*v. Suppose 3*n + 40 + 136 = -5*i, 3*i = -3*n - 180. Let o = -32 - n. What is the greatest common factor of v and o?
6
Let c(o) = 10*o**2 + 12*o - 62. Let j be c(5). Let r be 9/(-6)*186/(-9). Calculate the highest common divisor of r and j.
31
Let u be (-33)/(-5) - (-14)/35. Suppose -u*p + 72 = -54. What is the highest common divisor of p and 12?
6
Suppose 0*z + z - g = 9, 49 = 5*z - 3*g. Suppose 0 = -4*c - 4*c + 64. Suppose -2*w - 66 = -c*w. What is the highest common factor of w and z?
11
Let r(g) = 11*g - 373. Let w be r(38). What is the highest common divisor of 510 and w?
15
Let r(q) = -12*q + 90. Let l be r(0). What is the highest common factor of 1170 and l?
90
Let w = 4 - 1. Let c be w + 1 + -98 + -4. Let b be c/(-6) - 4/(-6). Calculate the highest common factor of b and 119.
17
Let f = 360 + -245. What is the greatest common divisor of f and 253?
23
Suppose 8*p - 13*p + 634 = -3*c, -c = -2*p + 254. Calculate the greatest common factor of p and 16.
16
Let q = 1323 - 1299. What is the highest common factor of 3 and q?
3
Let i(a) =